253 a multiple of 27?
True
Does 157 divide 1763424?
True
Does 37 divide 891503?
False
Is 341 a factor of 1289629?
False
Does 4 divide 17242?
False
Is 61 a factor of 216785?
False
Is 14401240 a multiple of 56?
True
Is 39 a factor of 3598998?
True
Is 15 a factor of 3023850?
True
Is 12307900 a multiple of 14?
False
Does 65 divide 501800?
True
Is 4698112 a multiple of 1024?
True
Does 12 divide 1045173?
False
Does 45 divide 563670?
True
Is 2719232 a multiple of 1808?
True
Is 66 a factor of 1043356?
False
Is 31 a factor of 5272387?
True
Is 1511 a multiple of 39?
False
Is 2 a factor of 4789139?
False
Is 14 a factor of 1380424?
False
Is 145 a factor of 1506068?
False
Is 11 a factor of 24086628?
False
Is 8 a factor of 419683?
False
Is 454282 a multiple of 17?
False
Is 5450942 a multiple of 7?
True
Is 9309750 a multiple of 502?
False
Does 32 divide 926820?
False
Does 31 divide 2052851?
True
Does 38 divide 376504?
True
Does 39 divide 6638541?
True
Is 5229473 a multiple of 8?
False
Does 11 divide 3728638?
False
Is 8680338 a multiple of 241?
True
Is 189195 a multiple of 15?
True
Does 192 divide 641856?
True
Does 11 divide 179548?
False
Is 1575279 a multiple of 10?
False
Is 2343273 a multiple of 41?
True
Is 300937 a multiple of 22?
False
Is 181713 a multiple of 357?
True
Is 842975 a multiple of 25?
True
Is 155 a factor of 97960?
True
Is 498327 a multiple of 129?
True
Does 58 divide 17057452?
True
Is 338484 a multiple of 23?
False
Is 46 a factor of 13781?
False
Does 111 divide 6764806?
False
Does 6 divide 107613?
False
Is 805 a factor of 548588?
False
Does 53 divide 1423103?
True
Is 201043 a multiple of 17?
False
Is 281442 a multiple of 97?
False
Is 2123284 a multiple of 292?
False
Is 24 a factor of 2471223?
False
Is 302 a factor of 1159481?
False
Is 36 a factor of 26280?
True
Is 1188705 a multiple of 35?
True
Is 14 a factor of 474390?
True
Is 5 a factor of 5003?
False
Does 3 divide 187836?
True
Is 8937408 a multiple of 12?
True
Is 116529 a multiple of 3?
True
Is 191444 a multiple of 64?
False
Is 3126822 a multiple of 300?
False
Does 9 divide 3083586?
False
Does 2 divide 12922?
True
Is 94 a factor of 2108326?
True
Is 579270 a multiple of 8?
False
Does 541 divide 1270810?
False
Does 37 divide 476042?
True
Does 17 divide 1696970?
False
Is 87481 a multiple of 35?
False
Is 279 a factor of 247965?
False
Is 4923254 a multiple of 363?
False
Is 77 a factor of 177973?
False
Is 100921 a multiple of 5?
False
Does 15 divide 2009625?
True
Does 3 divide 34478?
False
Is 26 a factor of 64933?
False
Is 471 a factor of 1055982?
True
Is 32 a factor of 67990?
False
Is 872 a factor of 2702328?
True
Does 180 divide 181968?
False
Is 127809 a multiple of 12?
False
Does 63 divide 1177719?
False
Is 3706 a multiple of 9?
False
Does 125 divide 247875?
True
Is 67827 a multiple of 4?
False
Does 23 divide 13162589?
False
Does 219 divide 1957203?
True
Is 154491 a multiple of 69?
True
Does 64 divide 842752?
True
Does 41 divide 51852?
False
Is 255 a factor of 58360?
False
Is 28 a factor of 33418?
False
Is 610 a factor of 150670?
True
Is 99234 a multiple of 149?
True
Is 54932 a multiple of 7?
False
Is 77 a factor of 1868790?
True
Does 13 divide 144482?
True
Is 1120232 a multiple of 4?
True
Is 116 a factor of 257404?
True
Is 602254 a multiple of 72?
False
Is 2706284 a multiple of 266?
True
Does 68 divide 4964?
True
Is 8927431 a multiple of 249?
False
Does 69 divide 4131306?
True
Is 88345 a multiple of 435?
False
Is 2 a factor of 1670?
True
Is 440953 a multiple of 35?
False
Is 5803 a multiple of 16?
False
Does 328 divide 2328443?
False
Does 104 divide 4227310?
False
Is 62 a factor of 195047?
False
Is 1088578 a multiple of 459?
False
Is 1607340 a multiple of 172?
True
Is 1795167 a multiple of 138?
False
Is 121 a factor of 90013?
False
Is 174383 a multiple of 191?
True
Is 80 a factor of 16643360?
True
Is 4 a factor of 464380?
True
Is 875823 a multiple of 26?
False
Is 177 a factor of 4821657?
True
Is 8153 a multiple of 58?
False
Does 39 divide 267267?
True
Is 1278 a factor of 785970?
True
Is 1480 a factor of 11873952?
False
Does 10 divide 6849230?
True
Is 197478 a multiple of 69?
True
Is 117585 a multiple of 8?
False
Does 31 divide 575646?
False
Does 49 divide 19369455?
True
Does 7 divide 5061910?
True
Is 3 a factor of 18539?
False
Is 1905794 a multiple of 22?
True
Is 41 a factor of 142106?
True
Does 7 divide 133511?
True
Is 1057470 a multiple of 20?
False
Does 132 divide 1880736?
True
Does 446 divide 5081724?
True
Is 226850 a multiple of 698?
True
Is 3041606 a multiple of 34?
True
Is 9507713 a multiple of 6?
False
Is 40 a factor of 12719160?
True
Is 98 a factor of 715008?
True
Is 6 a factor of 125184?
True
Is 253 a factor of 214038?
True
Is 7 a factor of 11382759?
False
Does 20 divide 1607400?
True
Is 22 a factor of 271986?
True
Is 4 a factor of 18786?
False
Does 55 divide 842243?
False
Does 52 divide 44503?
False
Does 372 divide 165912?
True
Is 298 a factor of 189826?
True
Is 158777 a multiple of 253?
False
Does 12 divide 377689?
False
Is 159 a factor of 71709?
True
Is 1146703 a multiple of 259?
False
Does 31 divide 4342226?
False
Does 51 divide 243765?
False
Is 22 a factor of 957836?
True
Does 127 divide 4557628?
False
Is 74725 a multiple of 7?
True
Is 78892 a multiple of 12?
False
Does 6 divide 225516?
True
Is 130 a factor of 137670?
True
Is 37455 a multiple of 33?
True
Is 16 a factor of 293377?
False
Does 3 divide 5254?
False
Is 523740 a multiple of 203?
True
Is 4 a factor of 325628?
True
Does 502 divide 20535725?
False
Is 182 a factor of 12922?
True
Is 275 a factor of 1286262?
False
Is 323963 a multiple of 14?
False
Is 13375296 a multiple of 24?
True
Is 4 a factor of 7948928?
True
Does 122 divide 13320570?
True
Is 5610340 a multiple of 340?
True
Is 391 a factor of 1145630?
True
Does 52 divide 185796?
True
Does 15 divide 4900845?
True
Is 143695 a multiple of 184?
False
Is 844 a factor of 17813739?
False
Is 320502 a multiple of 13?
True
Is 886452 a multiple of 173?
True
Is 13 a factor of 2695330?
False
Does 4 divide 185908?
True
Is 16 a factor of 116256?
True
Is 123884 a multiple of 6?
False
Is 3625981 a multiple of 388?
False
Does 8 divide 3977397?
False
Is 1370893 a multiple of 106?
False
Is 2087540 a multiple of 310?
True
Is 182532 a multiple of 123?
True
Does 645 divide 217365?
True
Is 406 a factor of 122612?
True
Is 12202 even?
True
Does 10 divide 914590?
True
Is 731960 a multiple of 145?
True
Is 4 a factor of 3673?
False
Does 432 divide 170040?
False
Does 849 divide 810221?
False
Is 3281550 a multiple of 2505?
True
Is 50876 a multiple of 75?
False
Does 848 divide 9574630?
False
Is 94669 a multiple of 10?
False
Is 7 a factor of 1818992?
True
Is 5 a factor of 12900?
True
Is 10 a factor of 11510?
True
Is 71 a factor of 635260?
False
Is 36 a factor of 1092663?
False
Is 12 a factor of 78646?
False
Does 671 divide 3069154?
True
Is 47692 a multiple of 79?
False
Is 332930 a multiple of 65?
True
Is 10 a factor of 2981452?
False
Is 18 a factor of 635393?
False
Is 35 a factor of 5397700?
True
Is 7 a factor of 1884512?
True
Does 1841 divide 9838304?
True
Is 632576 a multiple of 256?
True
Is 5190900 a multiple of 150?
True
Is 163200 a multiple of 80?
True
Is 720 a factor of 2370240?
True
Does 14 divide 58856?
True
Does 298 divide 115326?
True
Does 8 divide 53112?
True
Is 184724 a multiple of 15?
False
Is 34540 a multiple of 320?
False
Does 8 divide 806064?
True
Does 18 divide 287307?
False
Is 104 a factor of 4684440?
False
Is 939588 a multiple of 6?
True
Is 61123 a multiple of 117?
False
Does 10 divide 1271050?
True
Is 7968488 a multiple of 22?
True
Does 157 divide 1204975?
True
Is 4346628 a multiple of 204?
True
Is 1061842 a multiple of 418?
False
Is 16 a factor of 1874096?
True
Is 2387055 a multiple of 111?
True
Does 5 divide 6481?
False
Is 8673482 a multiple of 859?
False
Does 88 divide 60538?
False
Is 119 a factor of 933198?
True
Does 22 divide 88990?
True
Is 65366 a multiple of 14?
True
Does 88 divide 8311?
False
Does 13 divide 102726?
True
Does 43 divide 458488?
False
Does 349 divide 576897?
True
Is 2399800 a multiple of 338?
True
Does 233 divide 128616?
True
Is 6773820 a multiple of 716?
False
Is 364769 a multiple of 68?
False
Is 42 a factor of 102016?
False
Is 482735 a multiple of 60?
Fa